*q = -5*j + 330, 2*j - t*q - 76 - 91 = 0. Is j prime?
True
Is 42683 - ((-4)/5)/(2/15*-1) prime?
True
Let d be ((-150)/(-175))/(6/(-21) - 0). Let j be (6/4)/(6/112). Is (62/3)/(j/(-12) - d) prime?
True
Let o(s) = 9*s**2 + 5*s + 4. Let j be o(-2). Suppose -82*r - j = -77*r. Let g(y) = -45*y + 23. Is g(r) a composite number?
False
Let w(j) = 44*j - 15. Let t(n) = 1. Let d(q) = -4*t(q) + w(q). Suppose c - 4*v - 5 = 0, c - 3*v - 12 = -5. Is d(c) composite?
True
Suppose w - 9*h + 5*h = 21, h - 50 = -4*w. Is 30327/w - 2/(-13) a composite number?
False
Let u = 217 + -213. Suppose -r = 3*v - 12133, u*v + 4*r = 9642 + 6530. Is v composite?
True
Let u be (1 - -2) + -5 + -3388. Let g = u - -6299. Is g a composite number?
False
Suppose -g - 21*f = -24*f - 8791, 5*g = 4*f + 43955. Is g a prime number?
False
Let z(q) = 5766*q + 8263. Is z(70) composite?
False
Let p(s) = -s. Let a be p(-2). Suppose 0 = a*q + 3*k + 8, -q + 0*k = 2*k + 6. Suppose -794 = -4*h + 2*t, q*h - 4*t - 309 - 85 = 0. Is h composite?
False
Let t = 44 + -32. Suppose o = s - 1 + 5, 3*o - s - t = 0. Suppose 5*y = -15, 198 = f + o*y - 347. Is f a prime number?
True
Suppose -4*f + 56 = -20. Suppose f*l = 32*l - 13637. Is l a prime number?
True
Let b = 111 - 100. Suppose b*h - 38484 = -7*h. Is h a composite number?
True
Let f(w) = 958*w**2 + 522*w - 39. Is f(10) composite?
False
Suppose 0 = 5*a + c - 467510, 11*a - 14*a = 2*c - 280499. Is a prime?
True
Let s = -231063 + 337510. Is s prime?
False
Let m(t) = 5*t**3 + 21*t**2 - 157*t + 6. Is m(29) prime?
True
Suppose 0 = -4*o - 2*i + 13144, 6 = i + 10. Let x = 217 + o. Is x prime?
False
Suppose -2*c - 406 = q - 27532, 5*q = 5*c + 135690. Is q a composite number?
True
Let y(z) = 5*z - 14*z + 9 - 3*z. Let l be y(-3). Suppose 0 = 6*v - 1365 - l. Is v composite?
True
Suppose 0 = 4*c - 74 - 150. Let q = 61 - c. Suppose -3*n = 9 - 21, -q*n - 393 = -h. Is h a prime number?
False
Suppose -5*c + 2*j = -22, 2*c + 2*j + j = 5. Suppose 2*u + 9315 = r, 0*r + c*u - 18590 = -2*r. Is r a prime number?
False
Let v(b) = -11*b + 170. Let c be v(15). Suppose c*q + 0*f + f - 6414 = 0, -6*q = f - 7697. Is q prime?
True
Let x = 2962 + -4200. Let k(w) = -2*w - 3. Let c be k(-2). Is x/(-2) + c + 0 + -1 a prime number?
True
Let u be -1 + 2 + (53 - -1). Let l be ((-68)/6)/((-266)/42 + 6). Let m = u + l. Is m a composite number?
False
Let x = -223 + 66. Let q be (-2)/4 + ((-4395)/6 - 5). Let r = x - q. Is r a prime number?
False
Let t(g) = -78*g**2 - 13*g + 14. Let i be t(8). Let v = i - -9917. Is v a composite number?
True
Suppose -7 + 19 = -3*n, 0 = 2*w - 4*n - 246. Let h = w + -84. Let a = 160 + h. Is a prime?
True
Let m = 31207 - 21630. Is m a prime number?
False
Suppose 13*a + 4*j = 17*a - 113556, 0 = 5*a + 6*j - 141923. Is a composite?
False
Let c(n) = 1832*n**2 + 67*n + 241. Is c(-22) a composite number?
True
Let i(o) be the third derivative of 7*o**6/120 - 5*o**5/12 - 5*o**4/12 - 11*o**3/6 + 93*o**2 + 2*o. Is i(8) a prime number?
False
Let q(m) = -4388*m**3 - 3*m**2 - 47*m - 351. Is q(-8) composite?
True
Let f be 3 - (-55)/(-15) - (-152925)/9. Let s = 30954 - f. Is s composite?
False
Let q(b) = b**2 - 11*b - 134. Let m be q(17). Is 4/m + 0 + (-21078)/(-48) composite?
False
Let a be (-47172)/10 - (-8)/(-10). Let r = 6667 + a. Is r a prime number?
True
Let l(r) = 39552*r + 47. Let t be l(2). Suppose -7*g = -t + 22234. Is g a composite number?
True
Let i(c) = -3*c**2 - 2*c - 17. Let v(k) = k**3 + 5*k**2 + 3*k + 16. Let a(f) = -4*i(f) - 5*v(f). Is a(-11) composite?
False
Let b = -5108 - -5116. Let d(v) = -5*v**2 - 9*v - 1. Let n(c) = c**2 - c. Let z(l) = -d(l) - n(l). Is z(b) composite?
False
Let r = -8499 + 32776. Is r a prime number?
False
Is (-162381)/(-3) - (38 - 44) a prime number?
True
Let o(q) = 1268*q - 18. Suppose -11*u - 227 + 249 = 0. Is o(u) composite?
True
Suppose -10*s - 59 - 111 = 0. Let m(k) = k**3 + 19*k**2 + 11*k. Is m(s) a prime number?
False
Let a(p) = -p**3 - 7*p**2 - 7*p - 4. Let x be a(-6). Let n(w) = -w**2 - 26*w - 18. Let j be n(-25). Suppose -x*l + 7893 = j*l. Is l a prime number?
True
Let n(h) = -8 - 4*h + 13 + 12*h**2 - 12 - 6*h. Is n(-6) a prime number?
False
Let x(y) = -6*y**3 - 68*y**2 + 6*y + 44. Let h be x(-30). Suppose 0 = -15*v + 5101 + h. Is v a prime number?
False
Suppose -41*x + 45*x = 20. Let u(a) be the third derivative of 31*a**6/120 + a**5/20 + a**4/4 + 5*a**3/6 - 71*a**2 + a. Is u(x) a composite number?
True
Let k(w) = -w**2 + 3*w - 61. Let p be k(0). Let t = -64 - p. Is (-1)/t*(1997 + 16) prime?
False
Suppose 8*d = 6*d + 28. Let c = d - -567. Is c a composite number?
True
Let g = -20 - -20. Let x be ((g + 1)*-3)/(6/28). Is (2*13/(-4))/(1/x) a composite number?
True
Suppose 3*k - o - 11987 = 0, -4*k - 5*o - 7371 = -23379. Suppose -9*s + k = -2*s. Is s prime?
True
Let j(w) = -34 - 232*w - 29 - 26*w - 104*w. Is j(-10) a composite number?
False
Let s be (7/((-49)/(-21)))/((-6)/(-8)). Suppose 10*t - 2*k = 11*t - 897, -3576 = -s*t - 5*k. Is t a composite number?
True
Suppose 50*a - 1308160749 = -79*a. Is a prime?
False
Let j(x) = x**2 - 2*x + 9. Let t be j(0). Suppose -t*h + 14638 = 4*h. Is h a prime number?
False
Suppose -n = w + 3 - 16, 2*w - 5*n = 19. Suppose -3*a + 5*l + 9483 = 0, -5*a + 2*l + 9483 = -2*a. Suppose -a = -w*z + 667. Is z a composite number?
True
Suppose -5*c - 7*j = -2*j - 645, 3 = -j. Is (2/(-3) - 102509/c)*-4 prime?
True
Let j(f) = 2342*f**2 - 11*f + 22. Is j(5) composite?
True
Suppose 2*g = -5*b + 609304, 0 = -g - 14*b + 10*b + 304649. Is g prime?
False
Let y(s) = -s**3 + 4*s**2 + 6*s - 5. Let o be 3*15*(-2)/(-18). Let u be y(o). Suppose 0 = -3*n + 2*m + 1508, 2*m + m + 3 = u. Is n a composite number?
True
Suppose 0 = 5*j - 9*j - 4*i + 17144, 4*i = -20. Is j composite?
True
Let r be (-8)/5*(-17675)/(-70). Let i be ((-1273)/2)/(2/(-4)). Let g = i + r. Is g a prime number?
False
Let t(z) = 2*z**2 + 18*z + 16. Let k be t(-8). Suppose k = 7*i - 3*i - 340. Is i a prime number?
False
Let j(r) = r**2 - 3*r + 913. Suppose -15 = -3*u - 5*w, -13 = -3*u + 3*w - 22. Is j(u) prime?
False
Suppose 5*h - 14*t - 40 = -11*t, 10 = -2*t. Suppose h*g + 70695 = 5*c, 5*c = -3*g + 16602 + 54125. Is c a composite number?
False
Suppose 4*o - 3*p = -21033, 6*p - 4*p = -2. Let d = o - -9020. Is d a prime number?
True
Suppose 0 = c + 2*c - 3*o - 21, 2*c = o + 9. Suppose 8 = c*g - 6*g. Is ((-5579)/(-14))/(g/(-4)) prime?
True
Suppose 6993637 - 1336545 = 28*p. Is p a composite number?
True
Let v(s) = -279*s**2 - s + 1. Let k(u) = -279*u**2 + 1. Let a(f) = -5*k(f) + 4*v(f). Is a(3) prime?
False
Suppose 172*s = 462*s - 3545830. Is s a prime number?
True
Suppose 2178*u = 2203*u - 4574975. Is u composite?
False
Let u = 562 + -556. Let a(v) = 3865*v + 73. Is a(u) composite?
True
Let s = -22132 - -38693. Is s composite?
False
Let n = -206 + 210. Suppose -15103 = -3*t + n*r, 0*r + 25162 = 5*t + 3*r. Is t a prime number?
False
Let q = 58456 - 37691. Is q a prime number?
False
Suppose -40 = -14*x + 6*x. Suppose w + 731 + 1247 = 3*z, -x*w + 1330 = 2*z. Suppose 6*t + 126 - z = 0. Is t a composite number?
False
Let z(q) = 5*q + 185. Let w be z(-38). Is (-14)/35 + (-8247)/w a prime number?
False
Is (-14492733)/142*4/(-6) prime?
True
Let h(k) = 6*k**2 + 78*k + 5147. Is h(0) prime?
True
Suppose -8 = -4*u - 3*x + 18, -23 = -3*u - 4*x. Suppose 33 = u*t - a, -4 + 6 = a. Is (1/2)/(t/14126) a composite number?
False
Let n be (13 - 14) + (-2)/(-1). Let h be 0/(-5 + 7) + n*-2. Is 8315/10 + h/4 a prime number?
False
Let i(v) = 8*v - 46. Let u be i(6). Suppose 3*n = -5*z + 10166, 2*n - z + u*z = 6775. Is n prime?
False
Suppose -3*h + 22104 = 2*h + g, -3*h + 13265 = -2*g. Is h a prime number?
True
Let z(l) = l**2 + 18*l + 26. Let t be z(-16). Is (-4)/t + ((-1255)/(-3))/1 prime?
True
Is 8367/(12*3/1572) prime?
False
Suppose 0 = -2*r - 17 + 13, 4*h = 5*r + 243446. Is h prime?
True
Suppose 9*p = -3*t + 4*p + 39, 4*p - 28 = -2*t. Suppose z + 3*z = t. Suppose 3556 = 4*q - 2*x - 354, 1959 = z*q - 5*x. Is q composite?
False
Let m = -54 - -56. Let j be -617*(-5)/(-10)*m. Is (6 - 0)*j/(-3) prime?
False
Let d(x) = 103260*x + 1807. Is d(32) a composite number?
True
Let r be 635/(-4)*(20 + -24). Let k = r - 359. Is (-1 + 27)*k/24 a prime number?
False
Let u(p) = -p**2 - 25*p